+ (-25)/2). Calculate the greatest common factor of v and i.
3
Let y be (-9)/((-2)/(-21) - (4 - (-1325)/(-420))). Calculate the greatest common factor of y and 1040.
4
Suppose 1 = -x, 0 = 3*t - 5*x - 1125 - 1847. Let o = -974 + t. Suppose 685 + 740 = 5*s. What is the greatest common divisor of s and o?
15
Let y(n) = n**3 + 16*n**2 + n + 24. Suppose -26*f + 30*f = -64. Let u be y(f). What is the greatest common factor of u and 16?
8
Let x be (0 - -12)*(-2 - -20). Suppose -5*f - 5*o = 805, 0*f + 4*f - 5*o = -608. Let m = 193 + f. What is the highest common divisor of x and m?
36
Let z(p) = -4*p**2 - 224*p - 28. Let b be z(-49). Calculate the greatest common factor of b and 24.
24
Suppose -3*z - m = -238, -2*z - 5*m + 410 = 3*z. Let l be (-3)/(18/249) - (-2)/(-4). Let c = l + z. What is the highest common divisor of c and 36?
36
Let b = 1241 - 1212. What is the highest common divisor of b and 261?
29
Let d = 106 + -98. Let w = -50 + 50. Suppose w = 7*s - 2*s - 30. Calculate the highest common divisor of d and s.
2
Let a = -1414 - -1413. Let q = -1 - 1. Let x be 129 + (0 + a)/q*2. What is the greatest common divisor of x and 10?
10
Let v = 3633 - 3621. What is the highest common divisor of 372 and v?
12
Suppose 17*s - 29*s = -1716. Suppose t = -0*t + s. Calculate the greatest common factor of t and 11.
11
Let z = -6603 + 8598. What is the highest common divisor of z and 190?
95
Suppose 2*r - 6 = 2*j, 4*r + 2*j = j + 7. Suppose 0 = 5*w + r*v - 283, 3*v = 3 - 6. Calculate the greatest common factor of 57 and w.
57
Let s be 3/(-5)*1 + (-187650)/375. Let p = s + 514. Calculate the highest common factor of 2 and p.
1
Let j = 43 + -51. Let a be 7*(j/(-60) + (-86)/(-30)). Let c = a + -12. Calculate the highest common divisor of 81 and c.
9
Let d(u) = 2*u**3 - 30*u - 11*u**3 + 6*u**3 - 30*u**2 + 4*u**3 - 17. Let h be d(31). Calculate the greatest common divisor of h and 10.
2
Let h = 18241 - 10274. Calculate the highest common divisor of 31 and h.
31
Let b = -4291 - -4313. Calculate the highest common factor of b and 6094.
22
Suppose 5*r + 176 = -6*r. Let q be r/((4/(-6))/((-25)/(-15))). Calculate the highest common divisor of 20 and q.
20
Let v = -170 + 173. Let x = -114 - -126. What is the greatest common divisor of x and v?
3
Let k be -1 - 9 - 3609/(-39 - -30). Let l = -28 - -51. What is the greatest common divisor of l and k?
23
Let n = 4774 - 4572. Calculate the highest common factor of n and 10.
2
Suppose 142 + 12 = -3*u + 2*f, -2*u = -4*f + 116. Let s be 396/8 - (-2)/4. Let i = u + s. Calculate the greatest common factor of 1 and i.
1
Let s = 515 + -483. Calculate the greatest common factor of 2048 and s.
32
Suppose -57*v + 140 = -22*v. What is the highest common factor of 3308 and v?
4
Let r = 168 - 280. Let v be (20/(-8))/(4/r). Let z be (20/(-3))/((-58)/87). Calculate the highest common factor of v and z.
10
Suppose -8*k - 24 = -16*k. Let i be (103 - 52) + (k - -2). What is the greatest common factor of 91 and i?
7
Suppose j + 4*j + 25 = -5*d, -15 = -2*j + 3*d. Suppose -4*x - 8*x + 1224 = j. Calculate the highest common divisor of 18 and x.
6
Let f = 13580 + -4701. What is the highest common factor of 13 and f?
13
Let f(s) = -504*s - 12076. Let c be f(-24). What is the highest common divisor of c and 2690?
10
Suppose -132*l - 2*n = -130*l - 1060, 3*l + 5*n - 1586 = 0. What is the greatest common factor of l and 228?
76
Suppose -872 = -15*l + 1168. Let g = l + -126. Let a = 4 - 2. Calculate the greatest common factor of a and g.
2
Let l(b) = -b**2 - 2*b - 2. Let i be l(-2). Let h be 3/i - (-3)/(-12)*-206. Let q = h - 37. Calculate the greatest common divisor of 104 and q.
13
Let c be -7 - -3 - 8/4 - 568. Let t = 592 + c. What is the greatest common factor of t and 639?
9
Suppose 21 = -9*l - 6. Let y be (-9 - 3)/l + -4. Suppose 4*c - 3*k - 113 = 90, y = 5*k + 5. What is the highest common factor of 10 and c?
10
Let l be ((-48)/(-56))/(10/35). Suppose -5*v - k + 5*k = -148, l*v - 2*k - 90 = 0. What is the highest common divisor of 1024 and v?
32
Suppose 5*i = 3*t + 18, -2*i = 2*i - t - 20. Let p = -61 + 16. Let k = 75 + p. What is the highest common factor of k and i?
6
Suppose 7*g = 12*g - o - 49, 0 = -3*g + 4*o + 26. Let l(m) = 37*m - 341. Let x be l(g). Calculate the highest common divisor of x and 261.
29
Let y = 8 + -5. Suppose -b + 81 = -3*d - 25, -3*b + 108 = -y*d. Let u = d - -62. Calculate the highest common factor of u and 3.
3
Let m(s) = -471*s + 6894. Let q be m(0). What is the highest common divisor of q and 9?
9
Let u = 21062 - 20217. Calculate the highest common divisor of 104 and u.
13
Let c = 171 + -69. Let o(q) = -q**3 + 23*q**2 - 128*q + 31. Let h be o(14). What is the greatest common factor of c and h?
3
Let o = 395 - 269. Let y = 27 + -85. Let h = o - y. Calculate the highest common divisor of h and 23.
23
Suppose -b + 2217 = 2159. Suppose 0 = -5*r - 4*t + 2745, b*r + 2196 = 62*r + t. Calculate the greatest common divisor of 9 and r.
9
Suppose -9882 = 75600*g - 75609*g. What is the greatest common factor of 18 and g?
18
Let y = 11188 - 11174. Let o = -11 - -25. Calculate the highest common factor of y and o.
14
Let d(h) = -2*h + 51. Let j be d(15). Let a = 154 + j. What is the highest common factor of 25 and a?
25
Let t = -835 - -1296. Let j = -301 + t. Calculate the highest common factor of j and 64.
32
Let c(h) = 62*h + 1325. Let r be c(-20). What is the highest common divisor of r and 833?
17
Let q = 25434 - 25298. Suppose 3*h + h = 16. Suppose h*p = 10 + 58. Calculate the greatest common factor of q and p.
17
Let p be (-6)/9*(-3)/2. Let i(b) = 13*b**3 - b**2 - 3*b + 3. Let g be i(p). Let l(t) = -3*t + 41. Let s be l(g). What is the highest common factor of 1 and s?
1
Let v(h) = -11*h + 17. Let z be v(13). Let s be (2/(-8))/((-6)/(-108))*z. Calculate the highest common divisor of 21 and s.
21
Suppose -5*j = 5*t, j - 1 + 4 = -2*t. Let m(c) = -3 - c**3 - 2*c - 7*c + 0*c - 25*c**2 + j*c. Let v be m(-25). Calculate the highest common divisor of 21 and v.
21
Suppose -4*q - 2*l = -18, -q + 3*l + 39 = 4*q. Suppose -q*n = -2*n - 176. Suppose -57 = -n*c + 41*c. What is the greatest common factor of c and 76?
19
Suppose 22*g + 371 = 459. Calculate the greatest common factor of g and 212.
4
Suppose 5*v - 2*f = 1852, 3*f + 272 = 4*v - 1218. What is the highest common factor of v and 256?
16
Suppose 4*c - 5 = -s, -5*c - 3*s + 1 + 0 = 0. Let r be (((-224)/5)/(-8))/((-2)/(-5)). Let n = c + r. Calculate the greatest common factor of n and 40.
8
Suppose 34*q + q = q + 1258. Let b be (8 + (-201)/2)*8/(-5). What is the greatest common factor of q and b?
37
Let m be 9/6*950/60*(-224)/(-20). Calculate the highest common factor of m and 686.
14
Let v be (2 - (-3)/(-3)) + -45. Let x = v - -87. Suppose 3*a - 1429 = 2*j, -21*j + 16*j = -4*a + 1917. What is the greatest common factor of a and x?
43
Let m = 5634 - 5574. What is the greatest common divisor of 246 and m?
6
Let f(g) = -32 - 18*g - g**2 - 15*g + 20*g - 5*g. Let c be f(-7). What is the greatest common factor of c and 375?
15
Suppose -146637 = -5*b - 2*k, 16 = 31*k - 35*k. Calculate the greatest common divisor of b and 211.
211
Suppose p - 4*p + 12 = 0. Suppose -p - 5 = -9*b. Let a(t) = t**2 + 6*t + 3. Let u be a(-6). Calculate the greatest common factor of b and u.
1
Suppose k + 28 - 49 = 0. Suppose -2*f - 7*m + k = -2*m, 2*m + 6 = 4*f. Suppose 4 = -f*p + 55. What is the greatest common factor of p and 68?
17
Suppose 10*t - 120 = -0*t. Suppose -5*f + 784 = b, 0*f + 448 = 3*f - 5*b. What is the greatest common factor of f and t?
12
Let y(g) = 2*g - 2. Let k be y(7). Let d(v) = v**2 - 6*v - 715. Let m be d(-25). What is the greatest common divisor of k and m?
12
Let a(i) = 56*i - 2. Let o be a(2). Let r = o + -35. Suppose 5*d = 9 - 12 - 22, -5*p + 2*d = -85. Calculate the highest common factor of p and r.
15
Suppose 317*z - 1145 = 312*z. Suppose -z = -3*a + 4*t, a - 63 = -3*t + t. What is the greatest common factor of 639 and a?
71
Suppose 23*t = 17*t + 30. Suppose t*b - 6 = 19. Suppose 14 + 3 = 2*a + b*c, 5*a = -2*c + 53. Calculate the highest common divisor of a and 11.
11
Let n = -18483 - -19284. What is the highest common factor of n and 63?
9
Suppose 1087*u - 26093 = 1075*u + 21607